(base 6) to base 16.
1
What is -204 (base 8) in base 7?
-246
-113 (base 4) to base 12
-1b
Convert 41 (base 10) to base 6.
105
115 (base 11) to base 9
162
What is -101110 (base 2) in base 7?
-64
Convert -8 (base 15) to base 11.
-8
What is 32 (base 15) in base 11?
43
Convert 241 (base 6) to base 15.
67
What is -95 (base 11) in base 9?
-125
What is 0 (base 5) in base 11?
0
Convert -201 (base 12) to base 14.
-169
What is 221 (base 3) in base 4?
121
Convert 3 (base 5) to base 6.
3
Convert -20 (base 13) to base 5.
-101
-35 (base 15) to base 8
-62
What is -25 (base 10) in base 14?
-1b
-19 (base 16) to base 5
-100
Convert -2 (base 5) to base 16.
-2
What is 16 (base 15) in base 6?
33
What is 3 (base 15) in base 5?
3
c (base 14) to base 13
c
Convert 3 (base 6) to base 2.
11
Convert 300 (base 4) to base 3.
1210
10 (base 3) to base 2
11
Convert 4 (base 11) to base 2.
100
Convert -100 (base 2) to base 9.
-4
Convert 16 (base 13) to base 12.
17
What is 33 (base 16) in base 5?
201
Convert 2 (base 13) to base 10.
2
What is -99 (base 11) in base 12?
-90
1 (base 14) to base 16
1
Convert -4 (base 15) to base 4.
-10
What is 210 (base 5) in base 4?
313
What is 4a (base 12) in base 3?
2011
Convert -14 (base 13) to base 3.
-122
5 (base 7) to base 6
5
2d (base 14) to base 16
29
0 (base 3) to base 8
0
Convert 100 (base 3) to base 15.
9
Convert -11 (base 2) to base 10.
-3
Convert -3 (base 7) to base 10.
-3
What is 60 (base 9) in base 11?
4a
What is -30 (base 9) in base 10?
-27
a (base 11) to base 9
11
b (base 13) to base 15
b
Convert 40 (base 8) to base 2.
100000
What is -20 (base 9) in base 11?
-17
-445 (base 6) to base 13
-104
What is -1230 (base 6) in base 9?
-370
4 (base 5) to base 14
4
What is 1 (base 9) in base 2?
1
Convert 4 (base 5) to base 11.
4
-100 (base 4) to base 7
-22
0 (base 11) to base 12
0
2 (base 6) to base 3
2
What is -27 (base 15) in base 2?
-100101
What is 23 (base 10) in base 6?
35
322 (base 4) to base 2
111010
Convert -3 (base 13) to base 14.
-3
-72 (base 8) to base 6
-134
-1 (base 4) to base 14
-1
Convert 0 (base 7) to base 13.
0
6 (base 9) to base 4
12
What is 2a (base 15) in base 2?
101000
-11 (base 4) to base 7
-5
Convert -13 (base 14) to base 11.
-16
What is 41 (base 6) in base 10?
25
-93 (base 13) to base 5
-440
What is 10 (base 2) in base 7?
2
13 (base 16) to base 7
25
Convert -1111 (base 2) to base 8.
-17
What is -10 (base 11) in base 7?
-14
1 (base 7) to base 12
1
What is -1 (base 4) in base 6?
-1
Convert 20 (base 6) to base 2.
1100
Convert -120 (base 5) to base 10.
-35
Convert -11 (base 4) to base 9.
-5
What is 52 (base 13) in base 15?
47
2 (base 8) to base 16
2
0 (base 15) to base 12
0
What is -3 (base 14) in base 5?
-3
Convert -12 (base 12) to base 7.
-20
What is -16 (base 9) in base 8?
-17
-1b (base 13) to base 11
-22
6 (base 7) to base 16
6
1010 (base 2) to base 16
a
What is -3 (base 6) in base 10?
-3
What is 5b (base 15) in base 16?
56
Convert -11 (base 2) to base 6.
-3
Convert 5 (base 13) to base 2.
101
6a (base 15) to base 2
1100100
Convert -1 (base 6) to base 2.
-1
86 (base 10) to base 13
68
What is 4 (base 8) in base 6?
4
-101 (base 2) to base 5
-10
-12 (base 3) to base 8
-5
Convert -57 (base 9) to base 2.
-110100
Convert -4 (base 10) to base 12.
-4
-2 (base 9) to base 6
-2
What is -63 (base 10) in base 6?
-143
49 (base 10) to base 3
1211
29 (base 14) to base 15
27
Convert -213 (base 4) to base 15.
-29
Convert 43 (base 5) to base 15.
18
What is -109 (base 15) in base 8?
-352
Convert -25 (base 10) to base 14.
-1b
Convert -7 (base 8) to base 3.
-21
What is 120 (base 5) in base 16?
23
Convert 11111 (base 2) to base 10.
31
-4 (base 6) to base 16
-4
Convert -2 (base 7) to base 4.
-2
0 (base 15) to base 5
0
18 (base 10) to base 6
30
Convert 1 (base 9) to base 12.
1
Convert -10000110 (base 2) to base 14.
-98
What is 23 (base 4) in base 14?
b
-17d (base 14) to base 8
-463
224 (base 5) to base 16
40
What is 3 (base 6) in base 12?
3
Convert 14 (base 5) to base 3.
100
Convert -18 (base 12) to base 3.
-202
Convert -4 (base 10) to base 7.
-4
Convert -100 (base 11) to base 13.
-94
What is 401 (base 5) in base 9?
122
1123 (base 5) to base 12
117
Convert 11 (base 15) to base 2.
10000
Convert 44 (base 6) to base 5.
103
Convert -10 (base 3) to base 8.
-3
-104 (base 5) to base 3
-1002
Convert -122 (base 3) to base 7.
-23
-3 (base 13) to base 16
-3
Convert -14 (base 8) to base 10.
-12
What is 30 (base 5) in base 9?
16
7 (base 16) to base 8
7
Convert 1 (base 11) to base 2.
1
-26 (base 12) to base 11
-28
-b (base 12) to base 3
-102
-12 (base 5) to base 10
-7
Convert -341 (base 7) to base 16.
-b0
Convert -14 (base 9) to base 10.
-13
What is -10 (base 2) in base 14?
-2
What is 111 (base 3) in base 15?
d
What is -11 (base 8) in base 12?
-9
What is -404 (base 6) in base 4?
-2110
What is 2d (base 16) in base 10?
45
What is -102 (base 3) in base 6?
-15
-12 (base 4) to base 6
-10
Convert 3213 (base 4) to base 7.
450
-43 (base 5) to base 8
-27
Convert 2 (base 14) to base 2.
10
Convert -85 (base 11) to base 9.
-113
Convert 1321 (base 5) to base 2.
11010011
What is 131 (base 4) in base 11?
27
10 (base 5) to base 13
5
Convert -3132 (base 4) to base 14.
-11c
Convert -236 (base 10) to base 9.
-282
-9 (base 16) to base 6
-13
What is -cb (base 13) in base 3?
-20012
What is 0 (base 2) in base 6?
0
What is -11011 (base 3) in base 16?
-70
What is -17 (base 14) in base 15?
-16
What is -3 (base 11) in base 14?
-3
-21 (base 5) to base 4
-23
-5 (base 10) to base 2
-101
What is -1 (base 14) in base 12?
-1
-2 (base 12) to base 14
-2
What is e8 (base 15) in base 13?
13a
Convert -13 (base 4) to base 16.
-7
What is -110010 (base 2) in base 16?
-32
What is -6b (base 16) in base 12?
-8b
5 (base 10) to base 11
5
Convert 3 (base 8) to base 16.
3
-18 (base 13) to base 4
-111
Convert 120 (base 3) to base 6.
23
Convert -303 (base 4) to base 10.
-51
Convert -1 (base 14) to base 9.
-1
What is -2 (base 5) in base 6?
-2
What is 15 (base 11) in base 16?
10
Convert 1 (base 13) to base 4.
1
What is -52 (base 11) in base 6?
-133
What is 42 (base 15) in base 9?
68
What is 2 (base 7) in base 12?
2
-c1 (base 14) to base 9
-207
120 (base 7) to base 13
4b
31 (base 5) to base 4
100
What is -2b (base 13) in base 7?
-52
Convert 1 (base 12) to base 5.
1
What is 2 (base 5) in base 3?
2
What is -352 (base 7) in base 16?
-b8
1 (base 14) to base 2
1
Convert -201 (base 5) to base 16.
-33
Convert 1 (base 16) to base 14.
1
What is -1e (base 16) in base 7?
-42
-13a (base 13) to base 16
-da
-6 (base 7) to base 10
-6
-4a (base 12) to base 10
-58
What is 25 (base 7) in base 3?
201
What is 33 (base 12) in base 16?
27
-1000100 (base 2) to base 13
-53
Convert 21 (base 10) to base 11.
1a
Convert -12 (base 11) to base 4.
-31
What is -3 (base 14) in base 10?
-3
What is 1 (base 7) in base 12?
1
Convert -320 (base 5) to base 3.
-10011
What is -224 (base 11) in base 12?
-1a4
What is -28 (base 9) in base 8?
-32
17 (base 8) to base 15
10
Convert -46 (base 8) to base 14.
-2a
What is -3 (base 16) in base 8?
-3
33 (base 10) to base 9
36
What is e5 (base 16) in base 15?
104
Convert -144 (base 8) to base 2.
-1100100
What is -100 (base 2) in base 16?
-4
Convert 36 (base 14) to base 7.
66
What is 21 (base 3) in base 8?
7
-46 (base 7) to base 4
-202
What is 5 (base 15) in base 6?
5
What is -1 (base 16) in base 10?
-1
What is 5 (base 8) in base 9?
5
What is -120 (base 4) in base 2?
-11000
What is -53 (base 8) in base 11?
-3a
-1 (base 15) to base 5
-1
What is 0 (base 7) in base 16?
0
11 (base 2) to base 14
3
Convert -22 (base 6) to base 4.
-32
Convert 4 (base 5) to base 9.
4
What is 0 (base 6) in base 4?
0
Convert -d1 (base 16) to base 3.
-21202
What is -1000000 (base 2) in base 8?
-100
What is 39 (base 12) in base 4?
231
What is 101 (base 3) in base 7?
13
23 (base 5) to base 11
12
Convert 103 (base 10) to base 3.
10211
-1 (base 15) to base 14
-1
What is -2 (base 5) in base 11?
-2
0 (base 11) to base 5
0
11 (base 12) to base 8
15
What is 3c (base 13) in base 4?
303
What is -10 (base 6) in base 7?
-6
What is -a4 (base 15) in base 9?
-181
What is 110 (base 2) in base 15?
6
220 (base 3) to base 8
30
10 (base 5) to base 14
5
What is 23 (base 5) in base 13?
10
What is 4 (base 10) in base 8?
4
Convert 25 (base 9) to base 2.
10111
-1